= -518*q - 1526. Determine v(-3).
28
Let c(d) = -18*d + 643. Determine c(36).
-5
Let j(d) = 2*d**3 + 26*d**2 + 9*d - 72. Calculate j(-12).
108
Let v(j) = -j**3 + 11*j**2 + 17*j - 223. What is v(7)?
92
Let k(i) = -i**2 + 49*i + 160. Calculate k(52).
4
Let u(h) = h**2 + 27*h + 530. Determine u(-24).
458
Let u(m) = -133*m - 5052. Determine u(-38).
2
Let v(y) = -y**2 - 12*y + 723. Calculate v(-30).
183
Let l(x) = -97*x + 69. Give l(-2).
263
Let r(a) = -186*a**3 + a**2 + 13*a - 13. What is r(1)?
-185
Let o(i) = -i**3 + 170*i**2 + 199*i - 4782. Determine o(171).
6
Let h(w) = 2*w**3 - 136*w**2 - 148*w + 689. Give h(69).
-1
Let g(k) = -k**3 - k**2 + 8*k - 26. Give g(0).
-26
Let b(g) = g**3 + 21*g**2 - 13*g - 22. Calculate b(-22).
-220
Let b(u) = -71*u - 678. Calculate b(-9).
-39
Let n(s) = s**3 - 5*s**2 - 20*s + 33. Calculate n(5).
-67
Let r(a) = -93*a**2 - 411*a + 12. What is r(-4)?
168
Let u(x) = -2*x**2 - 119*x - 1674. Calculate u(-36).
18
Let g(k) = -k**3 - k**2 + 25*k - 5. Determine g(-7).
114
Let b(d) = -d**3 - 224*d**2 + 1618*d - 2. Calculate b(7).
5
Let n(t) = -t**3 + 28*t**2 - 32*t - 19. Calculate n(27).
-154
Let v(c) = -c**3 - 16*c**2 - 11*c - 57. Calculate v(-7).
-421
Let o(y) = y**3 - 8*y**2 - 110*y + 229. Calculate o(14).
-135
Let c(p) = 91*p - 427. What is c(5)?
28
Let p(u) = u**3 - 7*u**2 - 39*u + 47. Calculate p(10).
-43
Let d(n) = -6*n**3 - 64*n**2 - 49*n - 92. Calculate d(-10).
-2
Let o(a) = -12*a**2 - 146*a - 264. Determine o(-10).
-4
Let p(m) = m**3 + 46*m**2 + 340*m + 71. What is p(-9)?
8
Let a(h) = 37*h - 5730. Calculate a(154).
-32
Let v(o) = -23*o**2 - 1964*o - 741. Give v(-85).
24
Let j(p) = p**2 + 34*p - 69. Determine j(-39).
126
Let y(z) = 124*z + 3452. Calculate y(-28).
-20
Let v(u) = -3*u**3 - 7*u**2 - 30*u - 4. Give v(-4).
196
Let h(k) = -211*k**2 - 5*k + 4. Give h(1).
-212
Let a(s) = 3*s**2 - 18*s - 2. Give a(5).
-17
Let l(g) = -23*g - 1367. Determine l(-71).
266
Let s(n) = n**2 - 472*n + 13. Determine s(0).
13
Let y(r) = -2*r**3 + 4*r**2 - 14*r + 1. Calculate y(0).
1
Let i(k) = k**3 - k**2 - 13*k + 21. Give i(4).
17
Let u(q) = 304*q - 1523. Determine u(5).
-3
Let x(o) = 172*o - 475. Calculate x(3).
41
Let z(r) = -12*r**3 - 674*r**2 - 102*r + 27. Calculate z(-56).
-533
Let r(b) = -b**3 + 8*b**2 + 35*b - 118. Determine r(7).
176
Let h(a) = a**2 + 47*a - 1000. Determine h(16).
8
Let q(x) = x**2 - 39*x - 556. What is q(50)?
-6
Let w(h) = 5376*h + 64499. Calculate w(-12).
-13
Let x(a) = a**3 + 18*a**2 + 73*a + 22. Give x(-12).
10
Let j(z) = 29*z - 588. What is j(21)?
21
Let x(p) = 41*p - 262. What is x(10)?
148
Let k(z) = 166*z - 14913. What is k(90)?
27
Let i(o) = o**3 + 6*o**2 - 166*o - 1359. Give i(-8).
-159
Let s(j) = -3063*j - 36767. What is s(-12)?
-11
Let b(n) = -n**2 - 14*n - 28. Determine b(0).
-28
Let u(m) = -m**2 + 282*m - 2701. What is u(10)?
19
Let z(y) = -49*y**2 + 213*y - 68. Give z(4).
0
Let g(j) = -j**3 + 13*j - 6. Give g(-3).
-18
Let s(j) = -164*j - 979. What is s(-6)?
5
Let a(s) = -840*s - 826. Determine a(-1).
14
Let j(x) = 371*x**2 - 16*x - 20. Give j(-1).
367
Let k(x) = -x**2 + 61*x + 139. Determine k(62).
77
Let l(d) = -6*d**3 + 4*d**2 - 17*d + 6. Calculate l(2).
-60
Let u(h) = 1523*h - 1520. What is u(1)?
3
Let j(x) = -3*x**2 + 6*x - 118. Give j(0).
-118
Let s(j) = 148*j - 2761. Give s(19).
51
Let p(w) = w**3 + 15*w**2 - 29*w - 127. Give p(-16).
81
Let w(g) = g**3 - 14*g**2 - 101*g + 717. Calculate w(5).
-13
Let k(u) = -u**3 + 151*u**2 - 969*u + 586. What is k(6)?
-8
Let y(o) = o**3 + 7*o + 11. Give y(-5).
-149
Let f(j) = -j**2 - 125*j - 1333. Give f(-12).
23
Let k(n) = -44*n + 358. Calculate k(8).
6
Let o(f) = 37*f - 1163. Determine o(31).
-16
Let s(c) = 66*c - 179. Give s(3).
19
Let n(a) = 57*a - 360. Give n(6).
-18
Let k(v) = -1730*v + 10382. Determine k(6).
2
Let d(t) = 18*t - 55. Determine d(-7).
-181
Let h(z) = 290*z - 734. Determine h(0).
-734
Let v(i) = 2*i**3 - 9*i**2 - 37*i - 71. Determine v(-2).
-49
Let s(b) = 3*b**3 - 56*b**2 - 32*b + 103. Determine s(19).
-144
Let s(k) = -2*k**2 - 6*k - 2. Determine s(-6).
-38
Let b(v) = 5*v + 197. What is b(-32)?
37
Let d(p) = p**3 + 54*p**2 - 174*p + 31. Determine d(-57).
202
Let a(r) = r**2 + 39*r - 117. Calculate a(-42).
9
Let j(s) = s**3 - 126*s**2 - 127*s - 4. What is j(127)?
-4
Let r(g) = -126*g - 3266. Determine r(-26).
10
Let j(h) = -3*h**2 - 58*h - 77. What is j(-16)?
83
Let o(j) = 790*j - 7116. What is o(9)?
-6
Let o(k) = -k**2 + 32*k + 528. What is o(44)?
0
Let l(w) = 184*w + 3318. Calculate l(-18).
6
Let a(f) = -f**2 + 670*f - 26381. Determine a(42).
-5
Let k(y) = y**3 + 19*y**2 + 73*y + 197. Calculate k(-15).
2
Let b(n) = n**3 + 47*n**2 + 84*n + 1752. Give b(-46).
4
Let f(o) = -o**3 - o**2 - 84*o - 271. Give f(-3).
-1
Let d(t) = -8508*t - 17025. Give d(-2).
-9
Let s(y) = y**3 + 4*y**2 + 35*y + 60. Give s(-2).
-2
Let s(t) = -2*t**2 - 2*t + 81. Determine s(0).
81
Let i(o) = -956*o + 4843. Determine i(5).
63
Let u(j) = -j**3 - 55*j**2 - 46*j + 581. Determine u(-54).
149
Let s(o) = 101*o + 1116. What is s(-11)?
5
Let c(l) = -6*l**2 - 94*l. Calculate c(-15).
60
Let q(t) = 321*t + 1910. What is q(-6)?
-16
Let h(o) = 55*o + 7436. What is h(-135)?
11
Let j(m) = -327*m + 2141. What is j(7)?
-148
Let t(g) = -7*g**3 - 88*g**2 - 46*g - 24. Calculate t(-12).
-48
Let n(r) = 2*r**3 - 104*r**2 - 214*r - 113. Calculate n(54).
-5
Let v(m) = -10*m**3 - 26*m**2 - 36*m + 4. Determine v(-2).
52
Let j(i) = 1009*i + 8082. Determine j(-8).
10
Let h(x) = -14*x**2 - 1069*x - 1428. What is h(-75)?
-3
Let l(y) = -y**3 - 9*y**2 + 385*y + 3746. Calculate l(-10).
-4
Let o(f) = -f**2 - 137*f + 745. Calculate o(5).
35
Let h(a) = -1174*a + 7046. What is h(6)?
2
Let g(l) = -38*l**2 + 239*l + 4. Determine g(7).
-185
Let t(i) = -7*i**2 - 123*i + 1043. What is t(-24)?
-37
Let h(g) = g**3 + 8*g**2 + 11*g + 9. Calculate h(-3).
21
Let h(t) = 48*t**2 - 2*t + 12. Determine h(3).
438
Let o(j) = j**3 - 50*j**2 - 48*j - 161. Give o(51).
-8
Let h(w) = w**2 - 895*w - 5403. Determine h(-6).
3
Let m(s) = -158*s**2 - 3159*s + 16. Determine m(-20).
-4
Let y(l) = -57*l - 894. Calculate y(-16).
18
Let q(x) = 4*x**2 + 75*x - 35. Give q(-17).
-154
Let d(u) = u**3 - 10*u**2 + 7*u + 37. Give d(10).
107
Let i(z) = 5*z**2 - 53*z + 446. Determine i(8).
342
Let k(i) = -4*i**2 - 50*i + 19. Calculate k(-13).
-7
Let r(v) = 251*v - 13552. Give r(54).
2
Let x(v) = v**3 - v**2 - 6*v - 16. Calculate x(-4).
-72
Let y(r) = 2*r**3 - 218*r**2 + 636*r + 40. What is y(106)?
40
Let h(s) = 4*s**2 + 40*s - 690. What is h(9)?
-6
Let u(o) = 23*o**2 - 91*o + 24. Give u(6).
306
Let v(n) = 2*n**3 + 5*n**2 + 17*n + 68. Give v(-6).
-286
Let y(n) = -n**3 - 46*n**2 - 64*n - 927. Determine y(-45).
-72
Let x(u) = 94*u - 1491. Calculate x(16).
13
Let t(d) = d**3 - 2*d**2 - 39*d - 16. Determine t(-5).
4
Let u(j) = 43*j**2 + 9*j + 8. Determine u(-1).
42
Let y(r) = -12*r**2 - 519*r + 399. What is y(-44)?
3
Let p(s) = -5*s**2 + 1590*s + 3181. Calculate p(-2).
-19
Let f(c) = -3*c**3 - 11*c**2 + 7*c - 3. Determine f(-6).
207
Let b(d) = d**2 + 63*d - 53. Determine b(-21).
-935
Let u(n) = 22*n + 1182. What is u(-53)?
16
Let j(a) = a**3 - 25*a**2 + 2*a - 35. Calculate j(0).
-35
Let a(v) = 29*v**2 + 9*v - 21. Give a(3).
267
Let z(j) = -5*j**3 - 2*j**2 + 4*j + 2. Give z(1).
-1
Let w(l) = -181*l - 2895. What is w(-16)?
1
Let y(f) = -197*f - 1857. What is y(-8)?
-281
Let f(b) = 174*b**3 - 6*b - 6. Give f(-1).
-174
Let f(s) = 3*s + 12. Calculate f(19).
69
Let z(u) = -3*u + 78. Determine z(-7).
99
Let g(o) = 16*o**2 - 108*o + 136. Calculate g(5).
-4
Let b(c) = -2*c + 66. Calculate b(-52).
170
Let j(c) = -2*c**2 + 250. What is j(0)?
250
Let t(g) = 10*g**2 - 23*g - 95. Calculate t(-4).
157
Let w(m) = 7*m**2 + 65*m - 54. Determine w(-9).
-72
Let k(o) = -7*o + 100. Determine k(12).
16
Let q(a) = 109*a + 1421. Calculate q(-13).
4
Let w(d) = d**3 - 2*d**2 + 10*d - 80. What is w(5)?
45
Let h(p) = 3*p**3 + 48*p**2 + 7*p + 118. Give h(-16).
6
Let h(u) = -u**3 + 6*u**2 + 22*u - 30. What is h(9)?
-75
Let j(l) = 2*l**2 - 3*l - 199. Give j(-19).
580
Let s(m) = 4*m**3 + 567*m**2 - 716*m - 103. What is s(-143)?
40
Let l(f) = -f**2 + 30*f + 230. Calculate l(36).
14
Let g(q) = -31*q**3 + 6*q**2 - 6. Calculate g(-1).
31
Let n(c) = c**2 - 135*c + 1623. Determ